{"id":908,"date":"2018-11-26T16:18:18","date_gmt":"2018-11-26T15:18:18","guid":{"rendered":"http:\/\/sagafilms.fr\/?page_id=908"},"modified":"2024-06-05T15:40:17","modified_gmt":"2024-06-05T13:40:17","slug":"occitanie-la-bataille-oubliee","status":"publish","type":"page","link":"https:\/\/sagafilms.fr\/index.php\/occitanie-la-bataille-oubliee\/","title":{"rendered":"Occitanie. La bataille oubli\u00e9e"},"content":{"rendered":"\n<p>Le film \u00ab Occitanie. La bataille oubli\u00e9e \u00bb est un documentaire traitant de la croisade contre les Albigeois : un des conflits majeurs du XIIIe si\u00e8cle m\u00e9ridional (1209-1229). Pour d\u00e9couvrir cette p\u00e9riode troubl\u00e9e, nous avons choisi d\u2019explorer l\u2019une de ses batailles les plus m\u00e9connues : la bataille de Bazi\u00e8ge en 1219. Cet \u00e9v\u00e8nement est anecdotique pour certains, primordial pour d\u2019autres, n\u00e9anmoins sa m\u00e9moire perdure. 800 ans apr\u00e8s les faits, en septembre 2019, une centaine de passionn\u00e9s venus de toute l\u2019Europe se r\u00e9unissent sur les lieux de la bataille pour la reconstituer devant plusieurs milliers de personnes. Des questions surgissent : quelles connaissances cet \u00e9v\u00e8nement historique nous apporte sur notre pass\u00e9 ? En quoi la comm\u00e9moration de la bataille de Bazi\u00e8ge nous \u00e9claire sur notre rapport \u00e0 l\u2019Histoire aujourd\u2019hui ? Dans une p\u00e9riode o\u00f9 l\u2019on confond souvent Histoire et M\u00e9moire, deux \u00e9tudiants en histoire, Jean de Boiss\u00e9son et Cl\u00e9ment Juarez, ont d\u00e9cid\u00e9 de faire un film sur cette aventure. Des salles d\u2019archives aux ch\u00e2teaux escarp\u00e9s des Pyr\u00e9n\u00e9es, les deux \u00e9tudiants nous propulsent dans la vie de ces personnages, \u00e0 la rencontre des chercheurs qui les \u00e9tudient et des reconstituteurs qui leur redonnent vie.<\/p>\n\n\n\n<hr class=\"wp-block-separator\"\/>\n\n\n\n<figure class=\"wp-block-embed is-type-video is-provider-youtube wp-block-embed-youtube wp-embed-aspect-16-9 wp-has-aspect-ratio\"><div class=\"wp-block-embed__wrapper\">\n<iframe loading=\"lazy\" title=\"Teaser - Occitanie. La bataille oubli\u00e9e\" width=\"750\" height=\"422\" src=\"https:\/\/www.youtube.com\/embed\/Rah9u5G21rI?start=7&#038;feature=oembed\" frameborder=\"0\" allow=\"accelerometer; autoplay; clipboard-write; encrypted-media; gyroscope; picture-in-picture; web-share\" referrerpolicy=\"strict-origin-when-cross-origin\" allowfullscreen><\/iframe>\n<\/div><\/figure>\n\n\n\n<hr class=\"wp-block-separator alignwide\"\/>\n\n\n\n<div class=\"wp-block-columns\">\n<div class=\"wp-block-column\">\n<figure class=\"wp-block-gallery columns-1 is-cropped\"><ul class=\"blocks-gallery-grid\"><li class=\"blocks-gallery-item\"><figure><img loading=\"lazy\" width=\"724\" height=\"1024\" src=\"http:\/\/sagafilms.fr\/wp-content\/uploads\/2024\/04\/AFFICHE_OCCITANIE-LA-BATAILLE-OUBLIEE-2-724x1024.jpg\" alt=\"\" data-id=\"1150\" data-full-url=\"http:\/\/sagafilms.fr\/wp-content\/uploads\/2024\/04\/AFFICHE_OCCITANIE-LA-BATAILLE-OUBLIEE-2.jpg\" data-link=\"http:\/\/sagafilms.fr\/index.php\/occitanie-la-bataille-oubliee\/affiche_occitanie-la-bataille-oubliee-3\/\" class=\"wp-image-1150\" srcset=\"https:\/\/sagafilms.fr\/wp-content\/uploads\/2024\/04\/AFFICHE_OCCITANIE-LA-BATAILLE-OUBLIEE-2-724x1024.jpg 724w, https:\/\/sagafilms.fr\/wp-content\/uploads\/2024\/04\/AFFICHE_OCCITANIE-LA-BATAILLE-OUBLIEE-2-212x300.jpg 212w, https:\/\/sagafilms.fr\/wp-content\/uploads\/2024\/04\/AFFICHE_OCCITANIE-LA-BATAILLE-OUBLIEE-2-768x1086.jpg 768w, https:\/\/sagafilms.fr\/wp-content\/uploads\/2024\/04\/AFFICHE_OCCITANIE-LA-BATAILLE-OUBLIEE-2-1086x1536.jpg 1086w, https:\/\/sagafilms.fr\/wp-content\/uploads\/2024\/04\/AFFICHE_OCCITANIE-LA-BATAILLE-OUBLIEE-2-1448x2048.jpg 1448w, https:\/\/sagafilms.fr\/wp-content\/uploads\/2024\/04\/AFFICHE_OCCITANIE-LA-BATAILLE-OUBLIEE-2.jpg 1754w\" sizes=\"(max-width: 724px) 100vw, 724px\" \/><\/figure><\/li><\/ul><\/figure>\n<\/div>\n\n\n\n<div class=\"wp-block-column is-vertically-aligned-center\">\n<p><strong>O\u00f9 voir le film ?<\/strong> <\/p>\n\n\n\n<p>Nous recherchons activement un diffuseur TV. Des s\u00e9ances de projections en salle de cin\u00e9ma peuvent avoir lieu au courant de l&rsquo;ann\u00e9e. Des informations seront donn\u00e9es le cas \u00e9ch\u00e9ant sur nos r\u00e9seaux sociaux. <\/p>\n\n\n\n<p>Une premi\u00e8re projection a \u00e9t\u00e9 r\u00e9alis\u00e9e en partenariat avec l&rsquo;ENSAV (\u00c9cole Nationale Sup\u00e9rieure de l&rsquo;Audiovisuelle) le 8 mars 2024. <\/p>\n\n\n\n<p>Le film a \u00e9t\u00e9 projet\u00e9 dans le cadre de la programmation de l&rsquo;exposition \u00ab\u00a0Cathares. Toulouse dans la croisade\u00a0\u00bb.<\/p>\n\n\n\n<p>Une projection est pr\u00e9vue le jeudi 26 septembre au cin\u00e9ma Utopie de Tournefeuille. <\/p>\n<\/div>\n<\/div>\n\n\n\n<p><\/p>\n","protected":false},"excerpt":{"rendered":"<p>Le film \u00ab Occitanie. La bataille oubli\u00e9e \u00bb est un documentaire traitant de la croisade contre les Albigeois : un des conflits majeurs du XIIIe si\u00e8cle m\u00e9ridional (1209-1229). Pour d\u00e9couvrir cette p\u00e9riode troubl\u00e9e, nous avons choisi d\u2019explorer l\u2019une de ses batailles les plus m\u00e9connues : la bataille de Bazi\u00e8ge en<a class=\"moretag\" href=\"https:\/\/sagafilms.fr\/index.php\/occitanie-la-bataille-oubliee\/\"> Lire la suite<\/a><\/p>\n","protected":false},"author":2,"featured_media":0,"parent":0,"menu_order":0,"comment_status":"closed","ping_status":"closed","template":"","meta":[],"_links":{"self":[{"href":"https:\/\/sagafilms.fr\/index.php\/wp-json\/wp\/v2\/pages\/908"}],"collection":[{"href":"https:\/\/sagafilms.fr\/index.php\/wp-json\/wp\/v2\/pages"}],"about":[{"href":"https:\/\/sagafilms.fr\/index.php\/wp-json\/wp\/v2\/types\/page"}],"author":[{"embeddable":true,"href":"https:\/\/sagafilms.fr\/index.php\/wp-json\/wp\/v2\/users\/2"}],"replies":[{"embeddable":true,"href":"https:\/\/sagafilms.fr\/index.php\/wp-json\/wp\/v2\/comments?post=908"}],"version-history":[{"count":11,"href":"https:\/\/sagafilms.fr\/index.php\/wp-json\/wp\/v2\/pages\/908\/revisions"}],"predecessor-version":[{"id":1155,"href":"https:\/\/sagafilms.fr\/index.php\/wp-json\/wp\/v2\/pages\/908\/revisions\/1155"}],"wp:attachment":[{"href":"https:\/\/sagafilms.fr\/index.php\/wp-json\/wp\/v2\/media?parent=908"}],"curies":[{"name":"wp","href":"https:\/\/api.w.org\/{rel}","templated":true}]}}