{"id":781,"date":"2018-10-08T14:00:41","date_gmt":"2018-10-08T12:00:41","guid":{"rendered":"http:\/\/sagafilms.fr\/?page_id=781"},"modified":"2019-01-27T20:55:44","modified_gmt":"2019-01-27T19:55:44","slug":"historia-tolosana","status":"publish","type":"page","link":"https:\/\/sagafilms.fr\/index.php\/historia-tolosana\/","title":{"rendered":"Historia Tolosana"},"content":{"rendered":"\r\n<figure class=\"wp-block-image\"><img loading=\"lazy\" width=\"1500\" height=\"300\" src=\"http:\/\/sagafilms.fr\/wp-content\/uploads\/2018\/10\/Bandeau-4.jpg\" alt=\"\" class=\"wp-image-786\" srcset=\"https:\/\/sagafilms.fr\/wp-content\/uploads\/2018\/10\/Bandeau-4.jpg 1500w, https:\/\/sagafilms.fr\/wp-content\/uploads\/2018\/10\/Bandeau-4-300x60.jpg 300w, https:\/\/sagafilms.fr\/wp-content\/uploads\/2018\/10\/Bandeau-4-768x154.jpg 768w, https:\/\/sagafilms.fr\/wp-content\/uploads\/2018\/10\/Bandeau-4-1024x205.jpg 1024w\" sizes=\"(max-width: 1500px) 100vw, 1500px\" \/><\/figure>\r\n\r\n\r\n\r\n<div style=\"height: 100px;\" aria-hidden=\"true\" class=\"wp-block-spacer\"><\/div>\r\n\r\n\r\n\r\n<p class=\"has-drop-cap\">\u00a0\u00bb Nous \u00e9voquons le XIIIe si\u00e8cle (1210-1250) et la fin du XIVe si\u00e8cle (1370-1410) en terres toulousaines.\r\nNous nous effor\u00e7ons de repr\u00e9senter celles-ci aux travers de nos costumes et \u00e9quipements.<\/p>\r\n\r\n\r\n\r\n\r\nC&rsquo;est \u00e0 partir de sources arch\u00e9ologiques et historiques que nous interpr\u00e9tons la vie quotidienne.&nbsp;Nous essayons petit \u00e0 petit de gommer tout anachronisme visuel lors de nos sorties.&nbsp;C&rsquo;est un travail de reconstitution continu et une remise en question permanente. \u00a0\u00bb\r\n\r\n\r\n\r\n\r\n\r\nHistoria Tolosana est une association loi 1901 bas\u00e9e dans le sud-ouest.\r\n\r\n\r\n\r\n\r\n\r\nPour plus d&rsquo;infos, voici leur <a href=\"http:\/\/www.historia-tolosana.fr\/\" target=\"_blank\" rel=\"noopener\">site<\/a> et leur <a href=\"https:\/\/www.facebook.com\/HistoriaTolosana\/\" target=\"_blank\" rel=\"noopener\">facebook<\/a>.\r\n\r\n\r\n\r\n\r\n<ul class=\"wp-block-gallery columns-3 is-cropped\">\r\n \t<li class=\"blocks-gallery-item\">\r\n<figure><img loading=\"lazy\" width=\"640\" height=\"960\" src=\"http:\/\/sagafilms.fr\/wp-content\/uploads\/2018\/11\/46488111_377874052986760_691647656308506624_n.jpg\" alt=\"\" data-id=\"882\" data-link=\"http:\/\/sagafilms.fr\/index.php\/historia-tolosana\/46488111_377874052986760_691647656308506624_n\/\" class=\"wp-image-882\" srcset=\"https:\/\/sagafilms.fr\/wp-content\/uploads\/2018\/11\/46488111_377874052986760_691647656308506624_n.jpg 640w, https:\/\/sagafilms.fr\/wp-content\/uploads\/2018\/11\/46488111_377874052986760_691647656308506624_n-200x300.jpg 200w\" sizes=\"(max-width: 640px) 100vw, 640px\" \/><\/figure>\r\n<\/li>\r\n \t<li class=\"blocks-gallery-item\">\r\n<figure><img loading=\"lazy\" width=\"642\" height=\"960\" src=\"http:\/\/sagafilms.fr\/wp-content\/uploads\/2018\/11\/46492542_377873042986861_8948516897532411904_n.jpg\" alt=\"\" data-id=\"881\" data-link=\"http:\/\/sagafilms.fr\/index.php\/historia-tolosana\/46492542_377873042986861_8948516897532411904_n\/\" class=\"wp-image-881\" srcset=\"https:\/\/sagafilms.fr\/wp-content\/uploads\/2018\/11\/46492542_377873042986861_8948516897532411904_n.jpg 642w, https:\/\/sagafilms.fr\/wp-content\/uploads\/2018\/11\/46492542_377873042986861_8948516897532411904_n-201x300.jpg 201w\" sizes=\"(max-width: 642px) 100vw, 642px\" \/><\/figure>\r\n<\/li>\r\n \t<li class=\"blocks-gallery-item\">\r\n<figure><img loading=\"lazy\" width=\"960\" height=\"960\" src=\"http:\/\/sagafilms.fr\/wp-content\/uploads\/2018\/11\/46505943_377876622986503_130250625622474752_n.jpg\" alt=\"\" data-id=\"880\" data-link=\"http:\/\/sagafilms.fr\/index.php\/historia-tolosana\/46505943_377876622986503_130250625622474752_n\/\" class=\"wp-image-880\" srcset=\"https:\/\/sagafilms.fr\/wp-content\/uploads\/2018\/11\/46505943_377876622986503_130250625622474752_n.jpg 960w, https:\/\/sagafilms.fr\/wp-content\/uploads\/2018\/11\/46505943_377876622986503_130250625622474752_n-150x150.jpg 150w, https:\/\/sagafilms.fr\/wp-content\/uploads\/2018\/11\/46505943_377876622986503_130250625622474752_n-300x300.jpg 300w, https:\/\/sagafilms.fr\/wp-content\/uploads\/2018\/11\/46505943_377876622986503_130250625622474752_n-768x768.jpg 768w\" sizes=\"(max-width: 960px) 100vw, 960px\" \/><\/figure>\r\n<\/li>\r\n \t<li class=\"blocks-gallery-item\">\r\n<figure><img loading=\"lazy\" width=\"2040\" height=\"1530\" src=\"http:\/\/sagafilms.fr\/wp-content\/uploads\/2018\/11\/46517367_377876799653152_2292782627846881280_o.jpg\" alt=\"\" data-id=\"883\" data-link=\"http:\/\/sagafilms.fr\/index.php\/historia-tolosana\/46517367_377876799653152_2292782627846881280_o\/\" class=\"wp-image-883\" srcset=\"https:\/\/sagafilms.fr\/wp-content\/uploads\/2018\/11\/46517367_377876799653152_2292782627846881280_o.jpg 2040w, https:\/\/sagafilms.fr\/wp-content\/uploads\/2018\/11\/46517367_377876799653152_2292782627846881280_o-300x225.jpg 300w, https:\/\/sagafilms.fr\/wp-content\/uploads\/2018\/11\/46517367_377876799653152_2292782627846881280_o-768x576.jpg 768w, https:\/\/sagafilms.fr\/wp-content\/uploads\/2018\/11\/46517367_377876799653152_2292782627846881280_o-1024x768.jpg 1024w\" sizes=\"(max-width: 2040px) 100vw, 2040px\" \/><\/figure>\r\n<\/li>\r\n<\/ul>\r\n","protected":false},"excerpt":{"rendered":"<p>\u00a0\u00bb Nous \u00e9voquons le XIIIe si\u00e8cle (1210-1250) et la fin du XIVe si\u00e8cle (1370-1410) en terres toulousaines. Nous nous effor\u00e7ons de repr\u00e9senter celles-ci aux travers de nos costumes et \u00e9quipements. C&rsquo;est \u00e0 partir de sources arch\u00e9ologiques et historiques que nous interpr\u00e9tons la vie quotidienne.&nbsp;Nous essayons petit \u00e0 petit de gommer<a class=\"moretag\" href=\"https:\/\/sagafilms.fr\/index.php\/historia-tolosana\/\"> Lire la suite<\/a><\/p>\n","protected":false},"author":2,"featured_media":0,"parent":0,"menu_order":0,"comment_status":"closed","ping_status":"closed","template":"","meta":[],"_links":{"self":[{"href":"https:\/\/sagafilms.fr\/index.php\/wp-json\/wp\/v2\/pages\/781"}],"collection":[{"href":"https:\/\/sagafilms.fr\/index.php\/wp-json\/wp\/v2\/pages"}],"about":[{"href":"https:\/\/sagafilms.fr\/index.php\/wp-json\/wp\/v2\/types\/page"}],"author":[{"embeddable":true,"href":"https:\/\/sagafilms.fr\/index.php\/wp-json\/wp\/v2\/users\/2"}],"replies":[{"embeddable":true,"href":"https:\/\/sagafilms.fr\/index.php\/wp-json\/wp\/v2\/comments?post=781"}],"version-history":[{"count":11,"href":"https:\/\/sagafilms.fr\/index.php\/wp-json\/wp\/v2\/pages\/781\/revisions"}],"predecessor-version":[{"id":986,"href":"https:\/\/sagafilms.fr\/index.php\/wp-json\/wp\/v2\/pages\/781\/revisions\/986"}],"wp:attachment":[{"href":"https:\/\/sagafilms.fr\/index.php\/wp-json\/wp\/v2\/media?parent=781"}],"curies":[{"name":"wp","href":"https:\/\/api.w.org\/{rel}","templated":true}]}}