{"id":139,"date":"2018-09-03T17:52:17","date_gmt":"2018-09-03T15:52:17","guid":{"rendered":"http:\/\/sagafilms.fr\/?page_id=139"},"modified":"2018-10-08T11:44:34","modified_gmt":"2018-10-08T09:44:34","slug":"devenir-benevole","status":"publish","type":"page","link":"https:\/\/sagafilms.fr\/index.php\/devenir-benevole\/","title":{"rendered":"Devenir B\u00e9n\u00e9vole"},"content":{"rendered":"\n<p style=\"font-size:20px\">Dans une association, vous pouvez participer sans pour autant \u00eatre membre. L&rsquo;association en elle-m\u00eame a besoin de mille choses\u00a0: de nouveaux projets, de contacts, \u00eatre repr\u00e9sent\u00e9e \u00e0 des \u00e9v\u00e9nements historiques, cin\u00e9matographiques, universitaires&#8230; vous pourriez faire tout cela\u00a0! Si <a href=\"http:\/\/sagafilms.fr\/index.php\/nos-statuts\/\">nos statuts<\/a> r\u00e9pondent \u00e0 vos envies, inscrivez-vous\u00a0!<\/p>\n\n\n\n<figure class=\"wp-block-image\"><img loading=\"lazy\" width=\"5184\" height=\"1789\" src=\"http:\/\/sagafilms.fr\/wp-content\/uploads\/2018\/10\/Page-3-devenir-b\u00e9n\u00e9vole-au-travail-min.jpg\" alt=\"\" class=\"wp-image-678\" srcset=\"https:\/\/sagafilms.fr\/wp-content\/uploads\/2018\/10\/Page-3-devenir-b\u00e9n\u00e9vole-au-travail-min.jpg 5184w, https:\/\/sagafilms.fr\/wp-content\/uploads\/2018\/10\/Page-3-devenir-b\u00e9n\u00e9vole-au-travail-min-300x104.jpg 300w, https:\/\/sagafilms.fr\/wp-content\/uploads\/2018\/10\/Page-3-devenir-b\u00e9n\u00e9vole-au-travail-min-768x265.jpg 768w, https:\/\/sagafilms.fr\/wp-content\/uploads\/2018\/10\/Page-3-devenir-b\u00e9n\u00e9vole-au-travail-min-1024x353.jpg 1024w\" sizes=\"(max-width: 5184px) 100vw, 5184px\" \/><figcaption><em>Au travail !<\/em><\/figcaption><\/figure>\n\n\n\n<h3><strong>Au c\u0153ur de nos projets<\/strong><\/h3>\n\n\n\n<p style=\"font-size:20px\">Imaginez ce que repr\u00e9sente la r\u00e9alisation\nd&rsquo;un film historique\u00a0: ni plus ni moins que la reproduction d&rsquo;une \u00e9poque\ntoute enti\u00e8re\u00a0! Or ne dit-on pas qu&rsquo;il faut de tout pour faire un\nmonde\u00a0? Il faut alors de tout pour faire du cin\u00e9ma, car le cin\u00e9ma est une\nrepr\u00e9sentation d&rsquo;un monde.<\/p>\n\n\n\n<p style=\"font-size:20px\">Lumi\u00e8re, son, image, figuration, couture,\n\u00e9levage, stockage, construction, costumes, maquillage, accessoires, lieux de\ntournage, lieux de vie, logement, cantine, transports&#8230;et on ne parle que du\ntournage\u00a0! Songez \u00e0 l&rsquo;\u00e9criture, \u00e0 la relecture, \u00e0 la conception, \u00e0 la\nmusique, au montage, au mixage, \u00e0 la communication, au financement, aux\nr\u00e9seaux, \u00e0 la gestion des donn\u00e9es, aux d\u00e9placements, etc.<\/p>\n\n\n\n<div style=\"height:100px\" aria-hidden=\"true\" class=\"wp-block-spacer\"><\/div>\n\n\n\n<h3><strong>Comment s\u2019inscrire\u00a0?<\/strong><\/h3>\n\n\n\n<p style=\"font-size:20px\"><strong><\/strong>Un b\u00e9n\u00e9vole de SAGA Films ne s&rsquo;ennuiera jamais, et on ne lui demandera pas plus qu&rsquo;il ne peut donner\u00a0! Vous trouverez ci-dessous un formulaire pour nous dire ce que vous d\u00e9sirez faire. Nous vous contacterons rapidement en fonction de votre capacit\u00e9 d\u2019action (locale, d\u00e9partementale, r\u00e9gionale ou nationale).<\/p>\n\n\n\n<div style=\"height:100px\" aria-hidden=\"true\" class=\"wp-block-spacer\"><\/div>\n\n\n\n<h3><strong>Renseignez-vous\u00a0:<\/strong><\/h3>\n\n\n\n<p style=\"font-size:20px\">Si vous avez d\u00e9j\u00e0 un projet en t\u00eate, ou si vous pensez \u00e0 pousser l&rsquo;engagement jusqu&rsquo;\u00e0 devenir membre de SAGA Films, consultez les pages <a href=\"http:\/\/sagafilms.fr\/index.php\/soumettre-un-projet\/\">Soumettre un projet<\/a> et <a href=\"http:\/\/sagafilms.fr\/index.php\/devenir-membre\/\">Devenir membre<\/a>.<\/p>\n\n\n<div class=\"wpforms-container wpforms-container-full\" id=\"wpforms-388\"><form id=\"wpforms-form-388\" class=\"wpforms-validate wpforms-form\" data-formid=\"388\" method=\"post\" enctype=\"multipart\/form-data\" action=\"\/index.php\/wp-json\/wp\/v2\/pages\/139\"><div class=\"wpforms-field-container\"><div id=\"wpforms-388-field_3-container\" class=\"wpforms-field wpforms-field-name\" data-field-id=\"3\"><label class=\"wpforms-field-label\" for=\"wpforms-388-field_3\">Nom <span class=\"wpforms-required-label\">*<\/span><\/label><div class=\"wpforms-field-row wpforms-field-medium\"><div class=\"wpforms-field-row-block wpforms-first wpforms-one-half\"><input type=\"text\" id=\"wpforms-388-field_3\" class=\"wpforms-field-name-first wpforms-field-required\" name=\"wpforms[fields][3][first]\" required><label for=\"wpforms-388-field_3\" class=\"wpforms-field-sublabel after \">Pr\u00e9nom<\/label><\/div><div class=\"wpforms-field-row-block wpforms-one-half\"><input type=\"text\" id=\"wpforms-388-field_3-last\" class=\"wpforms-field-name-last wpforms-field-required\" name=\"wpforms[fields][3][last]\" required><label for=\"wpforms-388-field_3-last\" class=\"wpforms-field-sublabel after \">Nom<\/label><\/div><\/div><\/div><div id=\"wpforms-388-field_4-container\" class=\"wpforms-field wpforms-field-text\" data-field-id=\"4\"><label class=\"wpforms-field-label\" for=\"wpforms-388-field_4\">Adresse mail <span class=\"wpforms-required-label\">*<\/span><\/label><input type=\"text\" id=\"wpforms-388-field_4\" class=\"wpforms-field-large wpforms-field-required\" name=\"wpforms[fields][4]\" required><\/div><div id=\"wpforms-388-field_6-container\" class=\"wpforms-field wpforms-field-text wpforms-one-third wpforms-first\" data-field-id=\"6\"><label class=\"wpforms-field-label\" for=\"wpforms-388-field_6\">Num\u00e9ro de Rue <span class=\"wpforms-required-label\">*<\/span><\/label><input type=\"text\" id=\"wpforms-388-field_6\" class=\"wpforms-field-medium wpforms-field-required\" name=\"wpforms[fields][6]\" required><\/div><div id=\"wpforms-388-field_12-container\" class=\"wpforms-field wpforms-field-text wpforms-two-thirds\" data-field-id=\"12\"><label class=\"wpforms-field-label\" for=\"wpforms-388-field_12\">Rue <span class=\"wpforms-required-label\">*<\/span><\/label><input type=\"text\" id=\"wpforms-388-field_12\" class=\"wpforms-field-medium wpforms-field-required\" name=\"wpforms[fields][12]\" required><\/div><div id=\"wpforms-388-field_8-container\" class=\"wpforms-field wpforms-field-text wpforms-one-third wpforms-first\" data-field-id=\"8\"><label class=\"wpforms-field-label\" for=\"wpforms-388-field_8\">Code Postal <span class=\"wpforms-required-label\">*<\/span><\/label><input type=\"text\" id=\"wpforms-388-field_8\" class=\"wpforms-field-medium wpforms-field-required\" name=\"wpforms[fields][8]\" required><\/div><div id=\"wpforms-388-field_9-container\" class=\"wpforms-field wpforms-field-text wpforms-two-thirds\" data-field-id=\"9\"><label class=\"wpforms-field-label\" for=\"wpforms-388-field_9\">Ville <span class=\"wpforms-required-label\">*<\/span><\/label><input type=\"text\" id=\"wpforms-388-field_9\" class=\"wpforms-field-medium wpforms-field-required\" name=\"wpforms[fields][9]\" required><\/div><div id=\"wpforms-388-field_10-container\" class=\"wpforms-field wpforms-field-text\" data-field-id=\"10\"><label class=\"wpforms-field-label\" for=\"wpforms-388-field_10\">Pays<\/label><input type=\"text\" id=\"wpforms-388-field_10\" class=\"wpforms-field-large\" name=\"wpforms[fields][10]\" ><\/div><div id=\"wpforms-388-field_13-container\" class=\"wpforms-field wpforms-field-radio\" data-field-id=\"13\"><label class=\"wpforms-field-label\" for=\"wpforms-388-field_13\">Capacit\u00e9 d&#039;actions  <span class=\"wpforms-required-label\">*<\/span><\/label><ul id=\"wpforms-388-field_13\" class=\"wpforms-field-required\"><li class=\"choice-1 depth-1\"><input type=\"radio\" id=\"wpforms-388-field_13_1\" name=\"wpforms[fields][13]\" value=\"Locale\" required ><label class=\"wpforms-field-label-inline\" for=\"wpforms-388-field_13_1\">Locale<\/label><\/li><li class=\"choice-2 depth-1\"><input type=\"radio\" id=\"wpforms-388-field_13_2\" name=\"wpforms[fields][13]\" value=\"D\u00e9partementale\" required ><label class=\"wpforms-field-label-inline\" for=\"wpforms-388-field_13_2\">D\u00e9partementale<\/label><\/li><li class=\"choice-3 depth-1\"><input type=\"radio\" id=\"wpforms-388-field_13_3\" name=\"wpforms[fields][13]\" value=\"R\u00e9gionale\" required ><label class=\"wpforms-field-label-inline\" for=\"wpforms-388-field_13_3\">R\u00e9gionale<\/label><\/li><li class=\"choice-4 depth-1\"><input type=\"radio\" id=\"wpforms-388-field_13_4\" name=\"wpforms[fields][13]\" value=\"Nationale\" required ><label class=\"wpforms-field-label-inline\" for=\"wpforms-388-field_13_4\">Nationale<\/label><\/li><\/ul><div class=\"wpforms-field-description\">En fonction de vos capacit\u00e9s de d\u00e9placement, ou de votre volont\u00e9<\/div><\/div><div id=\"wpforms-388-field_14-container\" class=\"wpforms-field wpforms-field-textarea\" data-field-id=\"14\"><label class=\"wpforms-field-label\" for=\"wpforms-388-field_14\">Quels sont vos talents dont vous souhaiteriez faire b\u00e9n\u00e9ficier l&#039;association ?<\/label><textarea id=\"wpforms-388-field_14\" class=\"wpforms-field-medium\" name=\"wpforms[fields][14]\" ><\/textarea><\/div><\/div><div class=\"wpforms-field wpforms-field-hp\"><label for=\"wpforms-field_hp\" class=\"wpforms-field-label\">Phone<\/label><input type=\"text\" name=\"wpforms[hp]\" id=\"wpforms-field_hp\" class=\"wpforms-field-medium\"><\/div><div class=\"wpforms-recaptcha-container\" ><div class=\"g-recaptcha\" data-sitekey=\"6LejEXQUAAAAAHo6tAWwbxDhni9oWw8HWdVUXowb\"><\/div><input type=\"text\" name=\"g-recaptcha-hidden\" class=\"wpforms-recaptcha-hidden\" style=\"position:absolute!important;clip:rect(0,0,0,0)!important;height:1px!important;width:1px!important;border:0!important;overflow:hidden!important;padding:0!important;margin:0!important;\" required><\/div><div class=\"wpforms-submit-container\" ><input type=\"hidden\" name=\"wpforms[id]\" value=\"388\"><input type=\"hidden\" name=\"wpforms[author]\" value=\"1\"><button type=\"submit\" name=\"wpforms[submit]\" class=\"wpforms-submit \" id=\"wpforms-submit-388\" value=\"wpforms-submit\" data-alt-text=\"Envoi en cours\">Je deviens b\u00e9n\u00e9vole<\/button><\/div><\/form><\/div>","protected":false},"excerpt":{"rendered":"<p>Dans une association, vous pouvez participer sans pour autant \u00eatre membre. L&rsquo;association en elle-m\u00eame a besoin de mille choses\u00a0: de nouveaux projets, de contacts, \u00eatre repr\u00e9sent\u00e9e \u00e0 des \u00e9v\u00e9nements historiques, cin\u00e9matographiques, universitaires&#8230; vous pourriez faire tout cela\u00a0! Si nos statuts r\u00e9pondent \u00e0 vos envies, inscrivez-vous\u00a0! Au c\u0153ur de nos projets<a class=\"moretag\" href=\"https:\/\/sagafilms.fr\/index.php\/devenir-benevole\/\"> Lire la suite<\/a><\/p>\n","protected":false},"author":1,"featured_media":370,"parent":0,"menu_order":0,"comment_status":"closed","ping_status":"closed","template":"","meta":[],"_links":{"self":[{"href":"https:\/\/sagafilms.fr\/index.php\/wp-json\/wp\/v2\/pages\/139"}],"collection":[{"href":"https:\/\/sagafilms.fr\/index.php\/wp-json\/wp\/v2\/pages"}],"about":[{"href":"https:\/\/sagafilms.fr\/index.php\/wp-json\/wp\/v2\/types\/page"}],"author":[{"embeddable":true,"href":"https:\/\/sagafilms.fr\/index.php\/wp-json\/wp\/v2\/users\/1"}],"replies":[{"embeddable":true,"href":"https:\/\/sagafilms.fr\/index.php\/wp-json\/wp\/v2\/comments?post=139"}],"version-history":[{"count":9,"href":"https:\/\/sagafilms.fr\/index.php\/wp-json\/wp\/v2\/pages\/139\/revisions"}],"predecessor-version":[{"id":763,"href":"https:\/\/sagafilms.fr\/index.php\/wp-json\/wp\/v2\/pages\/139\/revisions\/763"}],"wp:featuredmedia":[{"embeddable":true,"href":"https:\/\/sagafilms.fr\/index.php\/wp-json\/wp\/v2\/media\/370"}],"wp:attachment":[{"href":"https:\/\/sagafilms.fr\/index.php\/wp-json\/wp\/v2\/media?parent=139"}],"curies":[{"name":"wp","href":"https:\/\/api.w.org\/{rel}","templated":true}]}}