{"id":1103,"date":"2020-03-06T12:48:38","date_gmt":"2020-03-06T11:48:38","guid":{"rendered":"http:\/\/sagafilms.fr\/?page_id=1103"},"modified":"2020-03-06T12:52:13","modified_gmt":"2020-03-06T11:52:13","slug":"aperos-saga","status":"publish","type":"page","link":"https:\/\/sagafilms.fr\/index.php\/aperos-saga\/","title":{"rendered":"Ap\u00e9ros Saga"},"content":{"rendered":"<p>Les Ap\u00e9ros SAGA, c&rsquo;est allez viens, on est bien bien bien bien bien !<\/p>\n<p>Et \u00e7a commence ce jeudi 12 mars, par une premi\u00e8re rencontre avec tous les int\u00e9ress\u00e9s : on va parler de l&rsquo;association bien s\u00fbr, mais aussi et surtout des projets, des id\u00e9es, des activit\u00e9s qu&rsquo;on a en t\u00eate (pour vous all\u00e9cher : \u00e7a parle d\u00e9j\u00e0 de caf\u00e9 d\u00e9bat, cin\u00e9 club, partenariats associatifs, sorties culturelles \u00e0 Toulouse et dans la r\u00e9gion) !<\/p>\n<p>Alors oui, SAGA Films c&rsquo;est avant tout du cin\u00e9ma et de l&rsquo;histoire : mais c&rsquo;est aussi une asso vivante, dynamique, qui a plein de choses \u00e0 proposer.<\/p>\n<p>Venez nombreux ! La page sera r\u00e9guli\u00e8rement r\u00e9actualis\u00e9e par les diff\u00e9rentes activit\u00e9s que nous proposons.<\/p>\n<p><img loading=\"lazy\" src=\"http:\/\/sagafilms.fr\/wp-content\/uploads\/2020\/03\/affichex-724x1024.jpg\" alt=\"\" width=\"724\" height=\"1024\" class=\"size-large wp-image-1086 aligncenter\" srcset=\"https:\/\/sagafilms.fr\/wp-content\/uploads\/2020\/03\/affichex-724x1024.jpg 724w, https:\/\/sagafilms.fr\/wp-content\/uploads\/2020\/03\/affichex-212x300.jpg 212w, https:\/\/sagafilms.fr\/wp-content\/uploads\/2020\/03\/affichex-768x1086.jpg 768w\" sizes=\"(max-width: 724px) 100vw, 724px\" \/><\/p>\n<p>&nbsp;<\/p>\n","protected":false},"excerpt":{"rendered":"<p>Les Ap\u00e9ros SAGA, c&rsquo;est allez viens, on est bien bien bien bien bien ! Et \u00e7a commence ce jeudi 12 mars, par une premi\u00e8re rencontre avec tous les int\u00e9ress\u00e9s : on va parler de l&rsquo;association bien s\u00fbr, mais aussi et surtout des projets, des id\u00e9es, des activit\u00e9s qu&rsquo;on a en<a class=\"moretag\" href=\"https:\/\/sagafilms.fr\/index.php\/aperos-saga\/\"> Lire la suite<\/a><\/p>\n","protected":false},"author":2,"featured_media":0,"parent":0,"menu_order":0,"comment_status":"closed","ping_status":"closed","template":"","meta":[],"_links":{"self":[{"href":"https:\/\/sagafilms.fr\/index.php\/wp-json\/wp\/v2\/pages\/1103"}],"collection":[{"href":"https:\/\/sagafilms.fr\/index.php\/wp-json\/wp\/v2\/pages"}],"about":[{"href":"https:\/\/sagafilms.fr\/index.php\/wp-json\/wp\/v2\/types\/page"}],"author":[{"embeddable":true,"href":"https:\/\/sagafilms.fr\/index.php\/wp-json\/wp\/v2\/users\/2"}],"replies":[{"embeddable":true,"href":"https:\/\/sagafilms.fr\/index.php\/wp-json\/wp\/v2\/comments?post=1103"}],"version-history":[{"count":4,"href":"https:\/\/sagafilms.fr\/index.php\/wp-json\/wp\/v2\/pages\/1103\/revisions"}],"predecessor-version":[{"id":1112,"href":"https:\/\/sagafilms.fr\/index.php\/wp-json\/wp\/v2\/pages\/1103\/revisions\/1112"}],"wp:attachment":[{"href":"https:\/\/sagafilms.fr\/index.php\/wp-json\/wp\/v2\/media?parent=1103"}],"curies":[{"name":"wp","href":"https:\/\/api.w.org\/{rel}","templated":true}]}}