{"id":1043,"date":"2019-08-11T11:34:38","date_gmt":"2019-08-11T09:34:38","guid":{"rendered":"http:\/\/sagafilms.fr\/?page_id=1043"},"modified":"2019-08-11T13:15:03","modified_gmt":"2019-08-11T11:15:03","slug":"collectif-croisade-albigeoise","status":"publish","type":"page","link":"https:\/\/sagafilms.fr\/index.php\/collectif-croisade-albigeoise\/","title":{"rendered":"Collectif Croisade Albigeoise"},"content":{"rendered":"<p>Le Collectif Croisade Albigeoise, c&rsquo;est une f\u00e9d\u00e9ration de troupes de reconstitution historiques bas\u00e9es dans le Sud-Ouest (et ailleurs !).<\/p>\n<p>En 2013, ils se sont r\u00e9unis pour reconstituer la fameuse bataille de Muret (1213), dans laquelle le roi Pierre II d&rsquo;Aragon trouva la mort. La bataille marqua un tournant de l&rsquo;histoire Occitane, donnant l&rsquo;avantage \u00e0 Simon de Montfort qui parvint \u00e0 s&rsquo;imposer dans le comt\u00e9 de Toulouse.<\/p>\n<p>En 2019, le Collectif est toujours l\u00e0, pr\u00eat \u00e0 reconstituer la bataille de Bazi\u00e8ge, durant laquelle le jeune Raimondet, h\u00e9ritier du comt\u00e9 de Toulouse, vient r\u00e9clamer vengeance de l&rsquo;humiliation subie \u00e0 Muret&#8230;<\/p>\n<p>&nbsp;<\/p>\n<p>Voici une petite vid\u00e9o qu&rsquo;on a trouv\u00e9 sur internet : l&rsquo;une des r\u00e9p\u00e9tions organis\u00e9es par le collectif avant 1213 \ud83d\ude42<\/p>\n<p><iframe loading=\"lazy\" width=\"750\" height=\"422\" src=\"https:\/\/www.youtube.com\/embed\/ypp3sIYYMyM?feature=oembed\" frameborder=\"0\" allow=\"accelerometer; autoplay; encrypted-media; gyroscope; picture-in-picture\" allowfullscreen><\/iframe><\/p>\n","protected":false},"excerpt":{"rendered":"<p>Le Collectif Croisade Albigeoise, c&rsquo;est une f\u00e9d\u00e9ration de troupes de reconstitution historiques bas\u00e9es dans le Sud-Ouest (et ailleurs !). En 2013, ils se sont r\u00e9unis pour reconstituer la fameuse bataille de Muret (1213), dans laquelle le roi Pierre II d&rsquo;Aragon trouva la mort. La bataille marqua un tournant de l&rsquo;histoire<a class=\"moretag\" href=\"https:\/\/sagafilms.fr\/index.php\/collectif-croisade-albigeoise\/\"> Lire la suite<\/a><\/p>\n","protected":false},"author":2,"featured_media":0,"parent":0,"menu_order":0,"comment_status":"closed","ping_status":"closed","template":"","meta":[],"_links":{"self":[{"href":"https:\/\/sagafilms.fr\/index.php\/wp-json\/wp\/v2\/pages\/1043"}],"collection":[{"href":"https:\/\/sagafilms.fr\/index.php\/wp-json\/wp\/v2\/pages"}],"about":[{"href":"https:\/\/sagafilms.fr\/index.php\/wp-json\/wp\/v2\/types\/page"}],"author":[{"embeddable":true,"href":"https:\/\/sagafilms.fr\/index.php\/wp-json\/wp\/v2\/users\/2"}],"replies":[{"embeddable":true,"href":"https:\/\/sagafilms.fr\/index.php\/wp-json\/wp\/v2\/comments?post=1043"}],"version-history":[{"count":3,"href":"https:\/\/sagafilms.fr\/index.php\/wp-json\/wp\/v2\/pages\/1043\/revisions"}],"predecessor-version":[{"id":1077,"href":"https:\/\/sagafilms.fr\/index.php\/wp-json\/wp\/v2\/pages\/1043\/revisions\/1077"}],"wp:attachment":[{"href":"https:\/\/sagafilms.fr\/index.php\/wp-json\/wp\/v2\/media?parent=1043"}],"curies":[{"name":"wp","href":"https:\/\/api.w.org\/{rel}","templated":true}]}}